, what is -13529 - -a1?
-13438
In base 3, what is -101201122210122 - 0?
-101201122210122
In base 4, what is 1 + 2130233231210?
2130233231211
In base 14, what is 11a4169 - -4?
11a416d
In base 14, what is -19 - c4254c?
-c42567
In base 8, what is 243 - -223777?
224242
In base 15, what is -1a1 - a7de?
-a990
In base 2, what is 101010100 + 100101110010001?
100110011100101
In base 6, what is 320034 - 43033?
233001
In base 5, what is -101243321432 + -23?
-101243322010
In base 16, what is -f7a3 + 1484?
-e31f
In base 14, what is 158a02 - -5?
158a07
In base 10, what is -461022 + -22?
-461044
In base 13, what is 62 + -12627b2?
-1262750
In base 3, what is -20021 + -110002100210?
-110002121001
In base 12, what is 109 + 226847?
226954
In base 4, what is -2102303 - -202303?
-1300000
In base 7, what is 3 - 153044644?
-153044641
In base 5, what is 20203140203 + -4?
20203140144
In base 12, what is -5a21a + 400?
-59a1a
In base 3, what is -1 - 12020101111210?
-12020101111211
In base 5, what is -1 + 1324204022?
1324204021
In base 6, what is -1050 - 1032433?
-1033523
In base 5, what is 101032103044 + 0?
101032103044
In base 16, what is -207 - -6e0?
4d9
In base 4, what is 202220231 + -32322?
202121303
In base 7, what is -124 + 141012152?
141012025
In base 3, what is 22100212101 + -1220100?
22021222001
In base 15, what is -37176e + 3?
-37176b
In base 13, what is -43 - -962479?
962436
In base 7, what is -162043 - -206?
-161534
In base 7, what is 1 + -305640251?
-305640250
In base 11, what is -521a3 + -48?
-52240
In base 7, what is -3332360500 - 4?
-3332360504
In base 16, what is 20d8c + 2b?
20db7
In base 2, what is -1001110110010 + -1100000000001?
-10101110110011
In base 16, what is 3 - 99bf9?
-99bf6
In base 11, what is -377 + 203399a?
2033623
In base 9, what is 40 + 872725?
872765
In base 5, what is -43110 - -434423?
341313
In base 2, what is 10 - -1001110011000000100111110?
1001110011000000101000000
In base 6, what is 1 + 210205020?
210205021
In base 2, what is -11101010111111011101001 + -1010?
-11101010111111011110011
In base 11, what is -59 + 1654223?
1654175
In base 2, what is 1001111 - 100001100001100001?
-100001100000010010
In base 12, what is -3988bbb + 5?
-3988bb6
In base 15, what is e + -641a9?
-6419a
In base 11, what is -2 - 10170721?
-10170723
In base 15, what is -9b27 + 1834?
-82e3
In base 7, what is 150301 - 43210?
104061
In base 2, what is -1100011 + 110101100000101010?
110101011111000111
In base 2, what is 10100001 + 100010011001010110?
100010011011110111
In base 12, what is 2 + -92b917?
-92b915
In base 6, what is 2 + -1240403353?
-1240403351
In base 14, what is 4 - -256c523?
256c527
In base 6, what is 5204 - -13130?
22334
In base 4, what is -1031 - -2110311021?
2110303330
In base 13, what is 323965 - 0?
323965
In base 15, what is c05430d + 4?
c054312
In base 7, what is -106 + 3166556?
3166450
In base 12, what is -28264 + -3?
-28267
In base 13, what is -c4 - 10402?
-104c6
In base 7, what is 0 + 44604546?
44604546
In base 9, what is 2873027828 - -5?
2873027834
In base 6, what is 45155 - -131243?
220442
In base 5, what is 3403144141 + -2?
3403144134
In base 8, what is -40 - -247400?
247340
In base 2, what is 1100100001000101 + -1011101110?
1100010101010111
In base 13, what is 2 - 50c5b69?
-50c5b67
In base 7, what is 4 - -3062103554?
3062103561
In base 15, what is -581 - -647?
b6
In base 16, what is 1 + -56a4100?
-56a40ff
In base 12, what is -224b1a + 7?
-224b13
In base 2, what is 10111111010010011100 + -100?
10111111010010011000
In base 16, what is 32 - 127aba?
-127a88
In base 3, what is 12 + 111111022101201012?
111111022101201101
In base 6, what is -30342 - 203222?
-234004
In base 4, what is -213213 - 21310213?
-22130032
In base 9, what is 2305367 + 178?
2305556
In base 14, what is -403c + -7a0?
-47dc
In base 12, what is -309701 + 18?
-3096a5
In base 3, what is 21220120200 + 122221?
21221020121
In base 16, what is -629150 + -2a?
-62917a
In base 7, what is -102353023 + -163?
-102353216
In base 10, what is 2378 + -16548?
-14170
In base 16, what is -5 + 4a7?
4a2
In base 12, what is 4944b565 - 3?
4944b562
In base 4, what is 3 - -1123110031300?
1123110031303
In base 7, what is 50561 + 2121?
53012
In base 3, what is 11 - -100102102002202111?
100102102002202122
In base 7, what is -1634261 - -103?
-1634155
In base 2, what is -11110 + 100010000010100111?
100010000010001001
In base 5, what is -424041 + 20004?
-404032
In base 8, what is 7300 + 14425?
23725
In base 2, what is 11010110110011111 - -110001?
11010110111010000
In base 5, what is 13431344243 + 23?
13431344321
In base 15, what is -e6 - -6e23?
6d2c
In base 7, what is 24562000 + -24?
24561643
In base 3, what is -1012022 - -111102201210?
111101112111
In base 16, what is -78 + -1970c0?
-197138
In base 14, what is -4 - -297802d?
2978029
In base 15, what is 2c8ebe + -8?
2c8eb6
In base 6, what is 15552101 + 2553?
15555054
In base 9, what is 3673046 - 105?
3672841
In base 10, what is 4 - -12421?
12425
In base 4, what is -2200112233202 - 0?
-2200112233202
In base 11, what is 2a417 + -2931?
27596
In base 15, what is 4 + -8457bda?
-8457bd6
In base 11, what is 25a60 - -5a?
2600a
In base 8, what is 4 + -442770540?
-442770534
In base 5, what is 322123133 + -223?
322122410
In base 16, what is -4 - 3c02d?
-3c031
In base 13, what is -1284 - 28750?
-29a04
In base 3, what is 11002121211020 + 0?
11002121211020
In base 15, what is -297d3 - 305?
-29ad8
In base 6, what is -1345055 + -22?
-1345121
In base 11, what is 2359 - 64494?
-62136
In base 15, what is 0 - -10e2a103?
10e2a103
In base 8, what is -33246724 - 45?
-33246771
In base 6, what is 23224 - 51231?
-24003
In base 11, what is 4483410 - 1?
448340a
In base 2, what is 111 - -100000100100101010010110010?
100000100100101010010111001
In base 3, what is -11 - -100020211102122?
100020211102111
In base 11, what is 2a7a842 - 3?
2a7a83a
In base 4, what is -232001 - 110020?
-1002021
In base 4, what is -212 + 121311323311?
121311323033
In base 11, what is -5 + -684aa8?
-685002
In base 8, what is 545105 - -7361?
554466
In base 4, what is 23030 + -2300133?
-2211103
In base 5, what is 12023232234 + 4?
12023232243
In base 12, what is 455695 - -2?
455697
In base 11, what is -88172 + -59?
-88220
In base 3, what is 1100001222001121 + -11?
1100001222001110
In base 2, what is -11 + -10011000101100000110010001?
-10011000101100000110010100
In base 13, what is -2b2b9 - -1c?
-2b29a
In base 11, what is 1a + -103768?
-103749
In base 11, what is -44200 + 71?
-4413a
In base 8, what is -26066 - -6611?
-17255
In base 9, what is -8652437 - -52?
-8652375
In base 5, what is -324331042 + 4?
-324331033
In base 13, what is 5 - -522902a?
5229032
In base 14, what is -12aa7 - 32?
-12ad9
In base 3, what is 2002 + 2020100111122?
2020100120201
In base 13, what is 40a + -385c5?
-381b8
In base 5, what is 43 + 20323430?
20324023
In base 14, what is 2 + 10bd7aaa?
10bd7aac
In base 6, what is 12 + 144514314?
144514330
In base 6, what is -3340 + 2102504?
2055124
In base 16, what is -4020 - 48?
-4068
In base 12, what is 35738b1 - 6?
35738a7
In base 2, what is -1101011111100100001000 - -11100?
-1101011111100011101100
In base 16, what is -86 - -770b3?
7702d
In base 11, what is 5890727 + -4?
5890723
In base 2, what is -1001011100001111110111010 - 10?
-1001011100001111110111100
In base 13, what is 10c4b1 - -2?
10c4b3
In base 2, what is -10111110 - 10110001111010111?
-10110010010010101
In base 9, what is 17748 + 17022?
35771
In base 7, what is 3 + -1314313?
-1314310
In base 6, what is 13554455 - 15?
13554440
In base 7, what is 61553161 + 110?
61553301
In base 10, what is 44212203 - -4?
44212207
In base 16, what is a5fa2 - -12?
a5fb4
In base 6, what is 5033 + -5134341?
-5125304
In base 13, what is -3 + -85c03?
-85c06
In base 7, what is 11544005 + -111?
11543564
In base 7, what is -3 - 53213656?
-53213662
In base 5, what is -10440403 - -4414?
-10430434
In base 14, what is -d0d52 + -130?
-d1082
In base 7, what is -3 - -12062030654?
12062030651
In base 13, what is -25259 - -18aa?
-2367c
In base 13, what is 3 - 67383a?
-673837
In base 2, what is 100111000011100000 - -1000?
100111000011101000
In base 5, what is 100 + -23241442?
-23241342
In base 16, what is 6cfac + -7d?
6cf2f
In base 3, what is 2000112021121021 - 2?
20001120211